). Let m(h) be the first derivative of 2*h**2 - 3*h - 1. Give m(c).
9
Let z be 0*(-4 - (-35)/10). Let f(g) = 3*g**3 + 3*g**2 + 3*g - 11. Let u(x) = -2*x**3 - 2*x**2 - 2*x + 6. Let q(p) = 3*f(p) + 5*u(p). What is q(z)?
-3
Let u(s) be the first derivative of 1/4*s**4 + 0*s + 5/3*s**3 + 1 + 0*s**2. Give u(-5).
0
Let u(g) = g**2 + 10*g + 5. Let d be u(-9). Let s(k) = -2*k**2 + 3*k - 13. Let h(r) = r**2 - 2*r + 7. Let x(b) = d*s(b) - 7*h(b). Determine x(-3).
6
Let q(a) be the third derivative of 1/8*a**4 + 2/3*a**3 + 0 + 1/30*a**5 - 1/120*a**6 + 3*a**2 + 0*a. Give q(3).
4
Let v = 13 + -17. Let z(n) = -4*n - 3. What is z(v)?
13
Let v(g) = -7*g**3 + 8*g**2 + 2*g - 5. Let y(s) = s**3 - s**2 + 1. Let c(q) = -q + 3. Let i be c(-8). Let d = 5 - i. Let f(u) = d*y(u) - v(u). Give f(3).
2
Let t(c) = -c + 6. Let r(d) be the second derivative of -d**3/6 + 5*d**2/2 - d. Let m be r(5). Suppose -8*q + 3*q = m. Determine t(q).
6
Let z(j) be the second derivative of -j**4/24 - 4*j**3/3 + 2*j**2 + 4*j. Let w(b) be the first derivative of z(b). Calculate w(-6).
-2
Let b(p) be the third derivative of p**6/120 + p**5/15 + p**4/8 + 35*p**2. Give b(-4).
-12
Let m(z) = z**2 + 1. Suppose -5*f + 10 = -0*f. Suppose 3 = -3*k - 0*k. Let q = f + k. Determine m(q).
2
Let u(z) = 7*z**2 + z**3 - 3 - 2*z**2 - 1 + 4*z. Let x be (-1)/2*2*7. Let y = -11 - x. What is u(y)?
-4
Let w(z) be the second derivative of 0 + 0*z**2 + 5/3*z**3 - 3*z. Calculate w(1).
10
Let i = 15 + -11. Let n be (-2 - -9) + i/(-2). Let v(o) = -3*o - 7 - o + 6*o**2 - 4*o**3 + 3*o**3. Give v(n).
-2
Let h(i) = -i**2 + 8*i - 6. Let f(c) = 2*c - 7. Let n be f(6). Let d be h(n). Suppose -x + 2*w + 2*w = -d, 7 = x - 3*w. Let s(y) = 6*y - 1. Determine s(x).
5
Suppose 0 = w - 1 + 7. Let c(l) = -l + 2. Determine c(w).
8
Let w(a) be the second derivative of -a**3/2 + a**2 - 9*a. Give w(4).
-10
Let t(z) = z**2 + z - 1. Let a be t(-3). Let d(r) = -r**2 + 6*r. Let n be d(a). Suppose -n*f - 20 = -4*q, q + 15 = -4*f + 4*q. Let k(c) = c**2 - 1. Give k(f).
-1
Let b(h) be the third derivative of h**4/12 + h**3/3 + h**2. Suppose 13*r - 30 = 8*r. Let u(x) = x**3 - 7*x**2 + 7*x - 2. Let a be u(r). Calculate b(a).
10
Let y(d) = 2*d - 4. Let x be y(3). Let v(h) be the first derivative of h**3 - 2*h**2 + 3*h - 1. Calculate v(x).
7
Let t(i) = -i**2 - 17*i + 55. Let z be t(-20). Let s(f) = f + 11. Give s(z).
6
Let k = 10 + -4. Let b(f) = -f**3 + 5*f**2 + 7*f - 6. Let m be b(k). Let a(y) be the third derivative of y**6/120 - y**5/60 + y**4/24 - y**3 - y**2. Give a(m).
-6
Let y = -27 + 34. Let b(n) = -n**3 + 7*n**2 + 2*n - 6. Calculate b(y).
8
Let w = -12 + 18. Let k(s) = -1. Let u(n) = n**2 - 4*n + 8. Let i(t) = w*k(t) + u(t). Calculate i(5).
7
Let x(u) = 3*u**2 + 2*u**2 - 7*u**2 - 5*u**3 + 1. Calculate x(-1).
4
Let v(j) = j + 6. Suppose 2*g = -4*q + 12, 2*q = 2*g + 5 + 1. Calculate v(g).
6
Let h(q) = -q**3 + q**2 - q - 1. Let m(w) = -7*w**3 + 13*w**2 - 6*w. Let a(k) = -k**2 - k - 4. Let o be a(-2). Let t(d) = o*h(d) + m(d). What is t(7)?
6
Let j = -5 + 5. Let l(a) be the third derivative of -1/12*a**5 - 1/6*a**3 + j*a + 2*a**2 - 1/12*a**4 + 0. Calculate l(-1).
-4
Let o(b) = b**2 - b - 6. Let t be (-7)/(1 + -2) - 0. Suppose -t*i = -2*i. Give o(i).
-6
Let d(j) = 2*j**3 - 2*j**2 - j - 1. Let v be (2 - 0) + -1*1. Let h be (v/(-2))/((-7)/28). Give d(h).
5
Let v(w) = 2*w**2 - 5*w**3 - 5*w**3 - w**2 - 2*w**2. What is v(1)?
-11
Suppose 5*d - 3 - 57 = 0. Let c = 7 - d. Let a(o) = o**3 + 5*o**2 - 5. Give a(c).
-5
Let k be (6/(-9))/((-4)/(-6)). Let b(z) = -z**2 - 1. Let l(r) = 3*r**2 + 3*r + 0*r**2 + 3 + 0*r**2. Let x(y) = k*l(y) - 2*b(y). Determine x(-3).
-1
Let j(h) = h - 15. Suppose -2*d + 2*u + 22 = 0, 4*d + u = -2*u + 51. Let s be j(d). Let z(k) = k + 7. Give z(s).
4
Suppose -6*w = -w. Suppose 0*z - 4 = -z. Let k(m) = 2 + m - 15 + z. Determine k(w).
-9
Let a(g) = 4*g**3 + g**2 + g - 1. Suppose 7 + 2 = 3*t, 5*t - 19 = -4*j. Calculate a(j).
5
Let i(q) = q + 3. Let v be i(-2). Let r(m) = 3 - 4 + 3*m**3 - 2*m**3 + m**2. Give r(v).
1
Let o(z) = 3*z - 13. Let t(a) = 2*a - 12. Let j(d) = -4*o(d) + 5*t(d). What is j(-7)?
6
Let f(i) = 7*i - 4. Let n be f(1). Let u(y) = y + 1. Determine u(n).
4
Let p(o) = -5*o**2 - 5*o - 5. Let w(d) = -2*d**2 - 3*d - 3. Let h(a) = 3*p(a) - 5*w(a). What is h(1)?
-5
Let t = 4 - 1. Suppose -9 = -o - 4*o + 2*c, 4 = -2*o - t*c. Let w(z) = -4*z**2 + 1. Give w(o).
-3
Let t(n) = -2*n + 1. Let s(a) = 5*a - 3. Let w(q) = 3*s(q) + 8*t(q). Give w(-8).
7
Suppose 3*a + 5 = -4*v, v = -a - 0*v. Let m(c) = -3*c + 3 - a*c + 6*c. Determine m(5).
-7
Let s be ((-6)/3)/2*-1. Let g be (2 - 0)*s/1. Let v(t) = -3*t**2 + 6*t**g + 2*t**2. Calculate v(1).
5
Let z be ((-35)/(-15) + -3)*-6. Let w(q) = q**3 - 3*q**2 - q - 2. What is w(z)?
10
Let a(b) = 2 - 3*b**2 - 9*b + 13*b - 2*b**3 - 5*b. What is a(-2)?
8
Let h(i) = 1 + 0 - 2 - 4*i + 6*i**3 - 5*i**3 + 2*i**2. Determine h(-4).
-17
Let p(y) = -y**2 - 5*y. Let x be p(-6). Let a(u) = -u - 2. What is a(x)?
4
Let z(v) = 6*v + 1. Let s be 6/(-9)*9/(-2). Let a be (s*(-4)/3)/(-2). Suppose 5*i = -a + 7. Determine z(i).
7
Let m = -1 - -4. Let v(h) = -6*h - 3*h**2 - h**3 + 1 + m*h + 4*h. Let c(i) = -i**2 + 4*i + 2. Let u be c(5). Give v(u).
-2
Let i(m) = -2 - 4*m + 2*m + 3*m**2 + 1. Let v = -7 - -13. Suppose -v*n = -3*n + 3. Calculate i(n).
4
Let c(m) = m + 15. Let p be c(-8). Let u(j) = -j**3 + 8*j**2 - 8*j - 5. Give u(p).
-12
Suppose 6 = -3*t, -4*l + 7*l + 3*t = 6. Let j(m) = -2*m**2 - 9*m + 2. Let y(f) = -f**2 - 8*f + 1. Let h(g) = 3*j(g) - 4*y(g). What is h(l)?
-10
Let x(z) = -2 - 6*z - z**2 + 0*z**2 + 6*z. Determine x(-2).
-6
Let m(t) be the second derivative of t**4/12 + t**3/2 - 7*t**2/2 - 2*t. What is m(-5)?
3
Let p(m) = -m**2 + 12*m - 3. Let w(l) = l**2 - 14*l + 3. Let k(c) = -5*p(c) - 4*w(c). Suppose 2*a + 16 = 6*a. Calculate k(a).
3
Let q(k) be the second derivative of -1/3*k**3 - 5/12*k**4 + 1/20*k**5 + 7/2*k**2 + 0 - k. Give q(5).
-3
Let f be -2*((-3)/(-6) - 3). Suppose 5*t + 6 = 3*l - 16, -3*l + 3*t + 18 = 0. Let v(i) = 11*i**2 - l*i**3 + 4 + f*i**3 - 7*i**2. Give v(-4).
4
Suppose -x = -3*x - 2. Let y(r) = 20 - 20 - 2*r**2 - r. Determine y(x).
-1
Let q(p) be the first derivative of 2*p**2 - 2*p + 10. Calculate q(2).
6
Let o(b) be the first derivative of -11*b**4/4 + b**3/3 - b**2 + b - 11. Calculate o(1).
-11
Let m(z) = z**2 + 2*z - 21. Let q be m(-5). Let j(c) = c**3 + 5*c**2 - 3*c + 8. Give j(q).
-10
Let i be -5*(4 - (2 - 1)). Let r be 10/i + 8/3. Let d(y) = -2*y**r + y**2 - 1 - y**2 + 2*y**3 + 2*y + 5*y**3. What is d(1)?
6
Let g(t) = t**2 + 6*t + 6. Suppose 0 = w - n + 3, w + w + n + 9 = 0. Determine g(w).
-2
Let v be (-114)/360 - (2/(-1))/6. Let p(a) be the third derivative of 1/24*a**4 + 0*a + 1/2*a**3 + 0 - v*a**5 - 3*a**2. Determine p(3).
-3
Let h(j) = -2*j - 3. Let s be h(-3). Let d = s + 27. Suppose -2*p = x - 10, 2*x - d = -5*p - 3*x. Let v(y) = -y**2 + 5*y + 3. Calculate v(p).
7
Let u be 1/(-2)*(2 + -12). Suppose -20 = u*c - 5. Let z(w) be the third derivative of w**5/60 + 7*w**4/24 + w**3/2 + 3*w**2. Determine z(c).
-9
Suppose 4*j = -5*p - 16 - 11, 2*j = 2*p. Let y(c) be the first derivative of c**2 + 1/3*c**3 - 2 - 2*c. Give y(j).
1
Let d(h) = -h**2 + h + 7. Let g = -3 - -3. Suppose g*m = -2*m. Calculate d(m).
7
Let l(u) be the third derivative of -1/20*u**5 - 2/3*u**3 + u**2 + 1/120*u**6 + 0*u + 0 - 1/24*u**4. Calculate l(4).
8
Suppose 4 = 4*s - 4. Let n(v) = -4*v**2 - 5*v - 2. Let t(h) = h**2 - 5*h - 1. Let d be t(6). Let j(q) = q**2 + q. Let y(c) = d*j(c) + n(c). Determine y(s).
2
Let j(k) = -10*k - 5. Let b(c) = -9*c - 5. Let f(v) = -7*b(v) + 6*j(v). Give f(-3).
-4
Let j(k) = -k**3 - 6*k**2 - 7*k - 3. Let i be (135/36)/(3/16). Suppose 3*n + i = -n. Calculate j(n).
7
Let u(o) be the second derivative of -o**5/20 + 5*o**4/12 - o**3/2 + o**2 - o. Let d be u(4). Let z(m) = -m**2 + 8*m - 5. What is z(d)?
7
Let o(z) = -5*z - 2. Let u(b) = b**3 + 2*b**2 - 2. Let r be u(-2). What is o(r)?
8
Let r(f) = f. Let a(j) = j**2 - 4*j + 2. Let q be a(4). Let y = 4 - q. Calculate r(y).
2
Let v(u) be the third derivative of u**5/60 + u**4/24 - 7*u**3/6 - u**2 - 2*u. Give v(-6).
23
Let r(q) = q - 11 - 2*q + 3*q. Suppose -3*k = 2*p - 26, -2*k - 2*p = p - 19. Give r(k).
5
Suppose -4 = g - 2. Let